 = -3 + 1. Let g be -20 + (-1 + -4 - -3) + 4. List the prime factors of (276/g)/(i/3).
23
Let m = 122 + -110. List the prime factors of m*(3 - 4)*-9.
2, 3
Suppose 32 = 2*f + 2. Suppose 2*x - 5 = f. List the prime factors of x.
2, 5
Let o = -7925 + 11301. List the prime factors of o.
2, 211
Let o(i) = 12*i**2 - 3*i + 4. Suppose 2*x + m - 16 = 0, -3*x - 3*m = -18 - 9. Suppose 8 = x*j - 3*j. What are the prime factors of o(j)?
2, 23
Let h = -4 + 2. Let r(f) = -f**3 - f**2 - 2*f + 1. Let y be r(h). List the prime factors of ((-6)/y)/((-3)/153).
2, 17
Suppose -3*m + 6 = -m. Suppose 0 = -t + 3*v + 39, -m*v + 5*v = -3*t + 172. List the prime factors of t.
2, 3
Let f(w) = 3*w**2 + 3*w + 3. Let h be f(-2). Suppose 896 = -h*i + 16*i. What are the prime factors of i?
2
Suppose -3*j + 5*f = -0*j - 140, -4*j = 5*f - 210. What are the prime factors of (56/16)/((3/j)/3)?
5, 7
Let o be -1 - 313*4/(-8)*-2. Let r = o + 505. What are the prime factors of r?
191
Let l(b) = -2*b**2 - 23*b - 31. Let i(o) = o**2 + 11*o + 16. Let z(k) = 7*i(k) + 3*l(k). List the prime factors of z(-10).
3, 13
Suppose 2*j = 6*j - 52. Let v(r) = -r**3 - r**2 + r + 1. Let a(i) = -14*i**2 + 4*i - 8. Let d(p) = a(p) - v(p). List the prime factors of d(j).
2, 3, 5
Let w be (-125)/(-20) - (2 + 21/(-12)). Suppose w*s = 2 + 76. What are the prime factors of s?
13
What are the prime factors of ((-8)/12)/(48/(-226728))?
47, 67
Let p(m) = m**2 + 5. Let t be p(-5). What are the prime factors of t/105 - 1046/(-14)?
3, 5
What are the prime factors of (3894/(-110))/((-1 - 0)/25)?
3, 5, 59
Suppose -2*z + 2 = 3*o - 8*o, -o = -3*z - 10. Let n(c) be the first derivative of -c**4/4 - 4*c**3/3 - c**2/2 + 3*c + 1. List the prime factors of n(z).
7
List the prime factors of (1 - 685/(-2))*(-2)/(-3).
229
Suppose 0 = 29*l - 27*l - 302. Let m = l + -27. List the prime factors of m.
2, 31
Suppose -2*m + 29 = -91. Suppose -w + 3*j - 16 = -2*w, m = 5*w - 5*j. Suppose 0 = -y + 3 + w. List the prime factors of y.
2
Let k(p) be the second derivative of -p**4/12 - 13*p**3/6 + 15*p**2/2 - 9*p. List the prime factors of k(-13).
3, 5
Suppose 2*l + 103 = -3*c, 0*l - l = -4*c + 57. Let v = 100 - l. What are the prime factors of v?
3, 17
Let w = -969 - -5372. What are the prime factors of w?
7, 17, 37
Suppose 0 = 4*z - 2*z - 8. Suppose 2*m + 0*m + z*y = 0, y = -2. List the prime factors of (-10)/m*16/(-10).
2
Let s(r) = -12*r**2 - 2*r - 7. Let z be s(6). Let p be z/(-6) - 2/12. Suppose -5*c = -3*k + 61, -p = -8*k + 3*k - 5*c. List the prime factors of k.
17
Let r(v) = -v**2 - 6*v + 2. Let f be r(-6). Suppose -2*c + 8 = 0, -p - 3*c + 159 = f*p. What are the prime factors of p?
7
Let z = 15 + 1. Suppose 4*c + 4*c - z = 0. What are the prime factors of c?
2
Suppose -6*j = -k - 5*j - 2, -6 = k - 2*j. What are the prime factors of ((-52)/12)/(k - (-157)/(-78))?
2, 13
Let z = 60 + -51. Suppose 4*v - v - 15 = 0, 5*r = -3*v + 15. Suppose r = -2*s - z + 47. List the prime factors of s.
19
Suppose 5*q - 15 = 0, 2*q + 0*q = -3*d. Let h(s) = -s**3 - 9*s**2 - 4*s + 2. Let b(g) = g**2 + 1. Let k(i) = d*b(i) - h(i). What are the prime factors of k(-6)?
2
List the prime factors of 393/2*(3 + 63/(-27)).
131
Suppose -3*b = 15*b - 54. List the prime factors of b.
3
Let k(z) = -4*z - 2. Suppose -7*w = -5*w + 20. Let x = w - -1. List the prime factors of k(x).
2, 17
Let a(r) = -r**3 - 11*r**2 - 4*r + 4. Let b(y) = -4*y + 13. Let v be b(6). What are the prime factors of a(v)?
2, 3
Let o = -20 - -24. Suppose -2*x + d + 94 = -o*d, -49 = -x + 3*d. List the prime factors of x.
37
Let g = -24 + 24. Suppose -2*k + 2 + 8 = 0. Suppose -6 + g = -3*h - k*u, 3*u = 2*h - 4. List the prime factors of h.
2
Let v = 20 - 12. Let u = 108 - 69. Let o = u - v. List the prime factors of o.
31
Suppose 23*a - 10 = 18*a. List the prime factors of (-2576)/(-10) + a - 18/30.
7, 37
Let x = 57 + -86. Let d = -16 - x. List the prime factors of d.
13
What are the prime factors of (-20)/(-60)*384*1?
2
Let s(n) = 26*n + 422. List the prime factors of s(53).
2, 3, 5
Suppose -177*z = -179*z + 918. What are the prime factors of z?
3, 17
Suppose 0 = -3*h + 2*x + 572, 2*x - 52 = -4*h + 734. Suppose h = 8*b - 390. List the prime factors of b.
73
Suppose -7*c + 45 = 10. Suppose 4*t = -c*g + 2*g + 168, 4*t + 168 = 3*g. What are the prime factors of g?
2, 7
Suppose 23 + 31 = 2*r. Suppose -2*b + r + 19 = 0. List the prime factors of b.
23
Suppose 24*b = 21*b + 237. What are the prime factors of b?
79
Suppose 17*o + 2*h - 2216 = 12*o, 2*o = -5*h + 899. Let i = o - 238. List the prime factors of i.
2, 3, 17
Let d(h) be the second derivative of -h**5/20 - h**4/2 - 5*h**3/6 - 5*h**2 - 5*h. Let s be d(-6). What are the prime factors of ((-8)/s)/((-1)/10)?
2
Suppose 5*q - r = 15, -q - 5*r + 33 = q. Let h(m) = -m + 1. Let c be h(1). Suppose c*s + 68 = q*s. What are the prime factors of s?
17
What are the prime factors of 132/(-330) - (-182)/5?
2, 3
Let j(c) = c + 28. Let k(x) = -x**2 - 5*x - 2. Let l be k(-3). Suppose -r = -l*r. What are the prime factors of j(r)?
2, 7
Let b be (3/(-2))/(2/(-4)). Suppose b*t - 4*n + 8 = 2, -4*n - 42 = 5*t. What are the prime factors of t/15 + (-1328)/(-20)?
2, 3, 11
Let q(l) be the first derivative of 13*l**3/3 - l**2/2 + 5. Let o be q(1). Let y = o + 9. What are the prime factors of y?
3, 7
Let c = -74 + -8. Let s(p) = -2*p**2 - 4. Let j be s(-4). Let o = j - c. List the prime factors of o.
2, 23
Suppose -m = 2*g - 15, -3*m + 0*m = 5*g - 40. Suppose m*j - 2*l = l + 379, 2*j - 136 = -4*l. List the prime factors of j.
2, 37
Suppose -4*o - 13 - 3 = 0. Let v = o + 6. Suppose -v*k - p = -7*k + 230, -5*k - 3*p = -210. What are the prime factors of k?
3, 5
Suppose 0 = 3*v - 15, 0*f - 2*v + 14 = 4*f. Suppose -f = 4*p + 3. List the prime factors of (15 - 16) + (24 - p).
2, 3
Let v(d) be the third derivative of 29*d**5/60 - d**4/12 - d**3/6 - 4*d**2. Let r be v(-1). Suppose 0 = -z + 4*a + r, 4*a = -a. List the prime factors of z.
2, 3, 5
Let q(i) = 1 - 2 - 2 - 2*i. Let z(n) = n. Let x be z(-3). List the prime factors of q(x).
3
Let m be (-96)/(-10) - 15/25. Suppose -4*d - 4*c + 12 = 0, c - 3 = -4*d + m. Suppose d*r - 7*r + 8 = 0. What are the prime factors of r?
2
Let r be (442/6)/(5/30). Suppose 2*b + r = 5*u, -3*b - 17 = 2*u - 190. List the prime factors of u.
2, 11
Let w(v) = 6*v. Let o be w(1). Let q be o - 98 - 2*2. List the prime factors of 4/14 - q/56.
2
Let i(c) = -c**3 - 2*c**2 - 2*c + 28. Let d be i(0). List the prime factors of 177/21 + (-12)/d.
2
Let v = -863 + 1244. List the prime factors of v.
3, 127
Let z(s) = 7*s**2 + 2*s + 32. What are the prime factors of z(-8)?
2, 29
Let u(v) be the first derivative of 2*v**2 + 12*v - 6. Let q be u(-9). What are the prime factors of ((-1)/(-1))/((-1)/q)?
2, 3
Let g = 100 - 88. List the prime factors of 1420/g + 2/12*4.
7, 17
Let p = -11 + 18. Suppose -5*r + p*x + 886 = 5*x, 0 = -3*r - 4*x + 516. List the prime factors of r.
2, 11
Let f(u) be the second derivative of -u**5/20 + 17*u**4/12 - 7*u**3/2 - u**2 - 26*u. What are the prime factors of f(15)?
7, 19
Let j = 8 - 2. Let x be (j/(-5))/((-18)/(-60)). List the prime factors of 31 - (x - -3 - 2).
2, 17
Let f(t) = 2*t - 18. Let w be f(10). Suppose 0*j - 71 = j - 4*p, -w*j - 3*p - 109 = 0. Let b = 5 - j. What are the prime factors of b?
2
Suppose -3*a + v + v - 149 = 0, 3*a + 157 = -2*v. Let m = 102 - a. List the prime factors of m.
3, 17
Suppose 3*p - 24 = 3*l, 5*p + 0*l - 31 = 2*l. Suppose -2*y = -p*b + 376, 3*b - 7*y + 3*y - 234 = 0. List the prime factors of b.
2, 37
Let n(s) = s**3 + 14*s**2 + 2*s - 7. Let b be n(-13). Suppose 5*x - b = 399. What are the prime factors of x?
107
Let f = -507 - -334. Let j = f + 300. What are the prime factors of j?
127
Let k be (-1 - -1) + 255/(-3). Let p = k + 60. Let b = -22 - p. What are the prime factors of b?
3
Suppose -5*x = 4*z + 955 - 3130, -x + 435 = 3*z. What are the prime factors of x?
3, 5, 29
Suppose 0 = u - 2 - 2. Suppose -u + 84 = 5*i. What are the prime factors of i?
2
Let u = 2 - 1. Let p = 16 + u. What are the prime factors of p?
17
Let u(m) = m**2 + 12*m + 14. Let i be u(-11). Suppose -4*s + i*o = 4, 3*o + 10 = 3*s + 4*o. What are the prime factors of s?
2
Let l(w) be the second derivative of -w**3/6 - 5*w